r = -178 - -106. Let y be ((-35)/10)/(3/r). Calculate the highest common factor of y and 21.
21
Let d be (504/147)/((-2)/(-14)). What is the highest common factor of d and 48?
24
Suppose t - 4 = -2. Suppose 4*l - t*l - 42 = 0. What is the greatest common factor of l and 168?
21
Let f be (-7)/2*-2*7. Let q = f - -5. Calculate the greatest common factor of q and 36.
18
Let q = -8 - -11. Suppose -q*y + 20 + 1 = 0. Calculate the highest common factor of y and 21.
7
Let q(n) be the second derivative of 37*n**3/6 - 3*n**2 - 3*n. Let s be q(5). Let f be (-4)/(-8) + s/2. What is the greatest common divisor of f and 18?
18
Let z = 13 + -9. Suppose -f + 100 = z*f. What is the highest common divisor of 80 and f?
20
Let g(l) = -l - 7. Let q be g(-7). Let b be q - 3 - -66 - -2. What is the greatest common divisor of b and 26?
13
Suppose -3*h - 2*h = -g + 33, 0 = -3*h - 2*g - 12. Let i = 1 - h. Calculate the highest common divisor of 21 and i.
7
Let y(a) = -167*a**3 - 2*a - 1. Let x be 2/(3 + (-5)/1). Let v be y(x). Calculate the greatest common divisor of v and 24.
24
Let b be (3/1 - 3) + -2 - -107. What is the greatest common divisor of b and 21?
21
Let o = -7 - -4. Let a be 17 + 0*1/o. Let f = -4 + a. What is the highest common divisor of 39 and f?
13
Let z be 310/7 + 4/(-14). Suppose 0 = 3*p - 12. Calculate the greatest common divisor of p and z.
4
Suppose 0 = 2*w - w - 5. What is the highest common divisor of w and 5?
5
Let y = 64 + -62. Let i(a) = -3*a**3 - 1. Let p be i(-1). Calculate the greatest common factor of p and y.
2
Let p be 610/16 + (-38)/304. Calculate the greatest common factor of p and 2.
2
Suppose -2*g + 23 = 7. Calculate the greatest common divisor of 56 and g.
8
Suppose -5*p + 684 = -3*p. Calculate the greatest common divisor of 38 and p.
38
Suppose 2*o = 5*c - 598, -4*c - 3*o = -o - 482. Calculate the highest common divisor of c and 12.
12
Let i be (-72 - 3)*(3 - (-10)/(-3)). What is the highest common divisor of 75 and i?
25
Let y be 2/12 + 595/30. Suppose -3*p + y = -7. Let s(x) = x**2 - 5*x - 5. Let n be s(-5). Calculate the greatest common factor of p and n.
9
Let q be 3 + (2 - -1)*-1 + 1. What is the greatest common factor of q and 1?
1
Let r = 120 + 60. Suppose -r = 2*i - 5*i. What is the highest common factor of 40 and i?
20
Let t(r) = -r**3 - 6*r**2 - 3*r - 1. Let v be t(-6). Suppose 64 = -0*m - 4*m. Let w = m - -33. What is the highest common divisor of v and w?
17
Let g(q) = q**2 + 3*q + 4. Let n be g(-4). What is the greatest common factor of 32 and n?
8
Let l = -2 + 12. Suppose 12 = c - l. What is the highest common divisor of 242 and c?
22
Let p = 49 + -41. What is the greatest common factor of 12 and p?
4
Suppose -3*t - 37 - 95 = 0. Let y = 77 + t. What is the greatest common divisor of y and 33?
33
Let p = -302 + 432. Suppose 0 = -2*k - 2*k - 3*c + p, -5*c - 44 = -k. What is the highest common factor of k and 17?
17
Let l(f) = 3*f - 3. Let r be l(5). What is the greatest common factor of r and 108?
12
Let n(s) = 31*s**2 - 1. Let l be (-1)/6*-2*3. Let p be n(l). What is the greatest common factor of p and 75?
15
Suppose -8 = -z - x, 2*z - 5*x - 11 = -6*x. Let t be 3/6 + (-10)/(-4). Calculate the highest common divisor of z and t.
3
Let z be 4/(24/34)*3. Suppose -p - 8 = 5*j, 2*j = -3*p - 3*j + 26. What is the highest common factor of p and z?
17
Let z(r) = r + 10. Let b be z(-5). Let i = b + 2. What is the greatest common factor of 21 and i?
7
Suppose 4*f - 2 = -30. Let y be -8*f/(7/10). Let w be 4/(-8) + (-21)/(-2). Calculate the highest common factor of y and w.
10
Suppose -15 = 2*a - 55. Calculate the greatest common divisor of 100 and a.
20
Let u(h) = -10*h**3 + 2*h - 1. Let c be u(-2). What is the highest common factor of 30 and c?
15
Let m = -79 - -98. Calculate the greatest common divisor of m and 133.
19
Let x = 144 - 96. Calculate the greatest common divisor of 120 and x.
24
Let m be (0 + 2/(-4))*0. Suppose 0*x = -3*x + 6. Suppose m*n = -x*n + 32. Calculate the greatest common divisor of 16 and n.
16
Suppose -4*w = -3*w - 48. Suppose f + 8 = -0*d + 5*d, 4*d - 2*f = 4. Suppose -d*h + h = -w. What is the highest common divisor of 8 and h?
8
Let o = -4 - -1. Let g be 1*(222 + o - -1). What is the highest common divisor of 20 and g?
20
Let j(f) = -f**3 + 3*f**2. Let a be j(6). Suppose 3*l + 16 = -77. Let h = l - a. What is the greatest common factor of 11 and h?
11
Suppose 3*k = k + 10. Let y be 3 + k - (-2)/1. Calculate the highest common factor of y and 110.
10
Let f = 0 - -16. What is the highest common divisor of 16 and f?
16
Let f = 67 + -62. Calculate the highest common divisor of 3 and f.
1
Let b be 1/(-5) + 32/10. Suppose -b*l = -2*i + 58, l - 52 = -2*i + 14. Let w = 56 + -40. What is the greatest common divisor of w and i?
16
Let a be 110/4*(-110)/(-25). Suppose o - 5*o = -44. Calculate the greatest common factor of o and a.
11
Let d(l) = l. Let s = 0 - -3. Let p be d(s). Suppose 161 = p*k - 19. What is the greatest common divisor of k and 15?
15
Let p be (-4)/(-4)*276 - -4. What is the greatest common factor of p and 40?
40
Let g = 93 + -57. Calculate the greatest common factor of g and 4.
4
Let i = -44 + 46. Calculate the highest common factor of 16 and i.
2
Let c be 5 + (-3)/((-9)/(-6)). Suppose 0 = -0*k + c*k + 90. Let l be 3*7/((-63)/k). What is the greatest common divisor of l and 5?
5
Let l be ((-4350)/105)/(1/(-7)). What is the greatest common divisor of l and 10?
10
Suppose 6*a = 102 - 30. Let k(y) = 2*y + 4. Let r be k(4). Calculate the greatest common factor of r and a.
12
Let n(r) = -r**2 + 6*r - 3. Suppose 0 = 6*g - 4*g - 8. Let h be n(g). Calculate the highest common divisor of h and 55.
5
Let v(u) = u**3 - 3*u**2 + 5*u. Let x be (-3)/(3/2) - -6. Let w be v(x). What is the highest common divisor of w and 12?
12
Suppose 4*q - 22 - 14 = 0. Suppose 0 = -2*z - q + 33. Calculate the greatest common divisor of z and 12.
12
Let j(b) = 11 - 4 + 2*b - 6*b. Let z be j(-5). Calculate the greatest common divisor of 243 and z.
27
Suppose 2*t + 4*p = 198, 0 = -t - p - 0*p + 97. Calculate the greatest common divisor of 38 and t.
19
Suppose h + 50 = 3*h. Suppose -3*x + h = -47. Calculate the highest common divisor of x and 120.
24
Let o(g) = g**2 - 12*g + 1. Let h be o(12). What is the highest common factor of 8 and h?
1
Let f = -5 + 18. Calculate the greatest common divisor of f and 65.
13
Let m(a) = 5*a - 3. Suppose -2*b = 2*p - 4, 10 - 34 = -4*b + 4*p. Let y be m(b). What is the greatest common factor of y and 187?
17
Suppose -7*a = -a - 180. Let f be (15 + -2 - 2) + 1. Calculate the highest common factor of f and a.
6
Let c be (36/(-24))/(((-9)/32)/3). What is the highest common factor of 56 and c?
8
Let i be 2/(-5) - 17/(-5). Suppose 5*c + 2*a = 4*a + 26, i = -a. What is the highest common divisor of c and 44?
4
Suppose -5*a + 32 = o, 5*o + 35 - 99 = -a. Suppose 142 = 4*v + 2. Let p = -17 + v. What is the highest common factor of o and p?
6
Let d be 6*3/(-15)*-35. Let l(c) = c**2 + c. Suppose -22 = 5*i - 7. Let q be l(i). What is the highest common divisor of q and d?
6
Let m(n) = 4*n - 1. Let a be m(5). Suppose 11 = -2*l + 3*l. Let z = l + a. Calculate the greatest common divisor of 3 and z.
3
Let m = 2 - -15. What is the highest common divisor of m and 34?
17
Suppose -27 = -3*d - 3*y, 2*y - 10 = -0*y. Let b be 290/3 - (-4)/(-6). Let h = b - 52. Calculate the greatest common factor of h and d.
4
Let g = 1408 + -1001. Calculate the greatest common divisor of 37 and g.
37
Suppose c = 4*c - 9. Suppose 33 = 2*g + 3*h, h = -5*g + g + 41. Let q(n) = -n + 18. Let z be q(g). What is the greatest common divisor of z and c?
3
Let x = 93 - 84. Let h = -11 + 20. Calculate the greatest common factor of h and x.
9
Let w(c) = c**2 + 5*c - 1. Let g be w(-6). Suppose -2*b + g = 5*z, -4*b - z + 2*z + 65 = 0. Calculate the greatest common factor of b and 105.
15
Let a = 7 - 1. Let z be (-1 - -13)*a/4. Let u = z + 6. What is the highest common factor of u and 16?
8
Let q = 50 - -7. Suppose 3*z = 4*j - 140, -3*j + 9*z + 122 = 11*z. What is the greatest common factor of q and j?
19
Suppose -5*k - 4*h = 7, 5*h = -k - 4 - 10. Let p = -10 - -14. Suppose -g = p*g - 40. Calculate the highest common divisor of k and g.
1
Let